s -231235 - -10104?
-221131
In base 14, what is 2 + -209d6d?
-209d6b
In base 4, what is 10 + -211303300320?
-211303300310
In base 3, what is 12 - 11001120120021?
-11001120120002
In base 15, what is 8e529 + 8?
8e532
In base 9, what is 582411 - 10?
582401
In base 10, what is 2232 + -4087?
-1855
In base 13, what is 5c30b14 + 4?
5c30b18
In base 10, what is -7 + 35966712?
35966705
In base 5, what is 111301130221 - -4?
111301130230
In base 4, what is 1212 + 3113012132?
3113020010
In base 6, what is 1203142303 - 14?
1203142245
In base 14, what is 1512 - 18ba?
-3a8
In base 15, what is -7ce42b + 1?
-7ce42a
In base 10, what is -3 + 33798051?
33798048
In base 15, what is -303 + 370?
6c
In base 15, what is -12db36 + -a7?
-12dbdd
In base 5, what is 42422 + -112443?
-20021
In base 6, what is 152124 - 1413?
150311
In base 5, what is 442423 + -2?
442421
In base 14, what is -277 + 4471a?
44483
In base 9, what is -1088 - 41862?
-43061
In base 16, what is 1 + -18d2700?
-18d26ff
In base 10, what is 57027 + 200?
57227
In base 9, what is -2 + 161654860?
161654857
In base 2, what is -1101110 + 1000011001000100?
1000010111010110
In base 4, what is 1001322223 + 230?
1001323113
In base 13, what is 67aa482 - -12?
67aa494
In base 11, what is 3 + 1a811503?
1a811506
In base 10, what is 515837 + -18?
515819
In base 2, what is -1011 + 1010110100011101?
1010110100010010
In base 9, what is 1770 - -14142?
16022
In base 11, what is a645 + 8?
a652
In base 12, what is 3 + -55758804?
-55758801
In base 10, what is 2638 + 278?
2916
In base 10, what is 136151948 + 4?
136151952
In base 15, what is -17239 + 26?
-17213
In base 5, what is -32211004 + -112?
-32211121
In base 3, what is 11200 - -200010111102?
200010200002
In base 11, what is -4 + 4162332?
4162329
In base 13, what is -9ccba1 + 3c?
-9ccb62
In base 16, what is -cf92 + 1b5?
-cddd
In base 7, what is 11003235442 + 5?
11003235450
In base 12, what is -15a5510 - -b?
-15a5501
In base 5, what is -102 + 4214443?
4214341
In base 5, what is -31431 - 24412?
-111343
In base 10, what is 53016134 - -14?
53016148
In base 16, what is -56fe - -5fd?
-5101
In base 8, what is -42355 + -62?
-42437
In base 8, what is 155205 - 167?
155016
In base 13, what is -422348 + -12?
-42235a
In base 8, what is -47161726 - 46?
-47161774
In base 4, what is 22 + -1202011211312?
-1202011211230
In base 10, what is -4 - -1127408?
1127404
In base 5, what is 3 - -434111014?
434111022
In base 10, what is -1 + -314575?
-314576
In base 11, what is 99 + 614734?
614822
In base 12, what is -a2815 - -b?
-a2806
In base 8, what is 31 + 42161302?
42161333
In base 3, what is 10101220202012022 + 22?
10101220202012121
In base 6, what is -35351 - 441405?
-521200
In base 11, what is -76040 + -180?
-76210
In base 7, what is -60 + 566353?
566263
In base 9, what is -2 + 222521023?
222521021
In base 7, what is -12312 - 1122?
-13434
In base 13, what is -9 - 1b52c16?
-1b52c22
In base 15, what is 3e590 + 10?
3e5a0
In base 5, what is 412012222 + 20?
412012242
In base 7, what is -14116024 - -154?
-14115540
In base 3, what is -102012101 - 10210?
-102100011
In base 4, what is -10101113 + 3320?
-10031133
In base 13, what is 1c8 - c635?
-c43a
In base 10, what is 1624207 - 4?
1624203
In base 2, what is -10011101000010111100000 - -1001?
-10011101000010111010111
In base 11, what is -2 + -34559a0?
-34559a2
In base 2, what is -10001101000101101100001000 - -100?
-10001101000101101100000100
In base 8, what is 305 + -232014?
-231507
In base 15, what is -15 - -12c7128?
12c7113
In base 12, what is -46b + 26336b?
262b00
In base 16, what is -fcaa + 2172?
-db38
In base 8, what is -5630 + 74456?
66626
In base 12, what is -3a1 - -791a9?
78a08
In base 9, what is 0 + -2144252?
-2144252
In base 16, what is 88af09e - 2?
88af09c
In base 10, what is 18 + 90774035?
90774053
In base 10, what is 3 - 378867?
-378864
In base 3, what is 220200 + 110001011?
110221211
In base 14, what is -5 + 699120?
699119
In base 12, what is b2a + 2739?
3667
In base 10, what is -3150 - 9034?
-12184
In base 4, what is 1101132 + -13133?
1021333
In base 10, what is 69519283 + -2?
69519281
In base 15, what is 15b5d1d - -3?
15b5d21
In base 7, what is -1256 + -1251221?
-1252510
In base 14, what is 7396 + 18b?
7543
In base 15, what is -5abe8304 + 0?
-5abe8304
In base 5, what is 12 - -30414423?
30414440
In base 11, what is -863600 + 8?
-8635a3
In base 14, what is -27931d - -16?
-279307
In base 3, what is 2 - -10010001111001002?
10010001111001011
In base 9, what is -14 - 42184466?
-42184481
In base 6, what is 1455101345 - -4?
1455101353
In base 12, what is 3 - -710956a5?
710956a8
In base 6, what is -24 - -105433125?
105433101
In base 6, what is -5250 + 130233?
120543
In base 6, what is -112343 + 112445?
102
In base 4, what is 230023010323 + -1?
230023010322
In base 14, what is -1b0 - -2aa4?
28d4
In base 7, what is -35 - -4444410?
4444342
In base 9, what is 1 + 42123843?
42123844
In base 13, what is 26 - -115a490?
115a4b6
In base 9, what is 6006843 - 0?
6006843
In base 9, what is -207 + 58817?
58610
In base 4, what is 13320 - 222231223?
-222211303
In base 6, what is -1051253 + 100?
-1051153
In base 12, what is 11275038 + -7?
11275031
In base 15, what is -1bd + -c6?
-294
In base 4, what is 22213 + -100321?
-12102
In base 11, what is -51259a + -2?
-5125a1
In base 11, what is -39223 - -222?
-39001
In base 12, what is -7 + 1343230?
1343225
In base 5, what is -1022320 - 11313?
-1034133
In base 14, what is 4 + -a345d63?
-a345d5d
In base 13, what is -7cb57 + -17?
-7cb71
In base 4, what is 1103032013221 - -11?
1103032013232
In base 10, what is -160 + -95658?
-95818
In base 13, what is 58 + 4a432?
4a48a
In base 3, what is -11012 - -10202100220?
10202012201
In base 15, what is -4 + -120ae32?
-120ae36
In base 11, what is -44 + -2954454?
-2954498
In base 8, what is -65203 + 7?
-65174
In base 4, what is 103311313232 - -10?
103311313302
In base 11, what is 6460825 - -5?
646082a
In base 6, what is 10323242 + -41?
10323201
In base 8, what is -17370116 - -61?
-17370035
In base 3, what is 1122001111 + 1002100?
1200010211
In base 9, what is -517171 + -165?
-517346
In base 14, what is 46 + -295ab5?
-295a6d
In base 16, what is 9bcc9 + 11?
9bcda
In base 5, what is 12412333403 + 1?
12412333404
In base 9, what is -100364 - 1000?
-101364
In base 3, what is -12202020 + 10222201?
-1202112
In base 8, what is 2 + 4030557?
4030561
In base 13, what is -64651 - -13?
-6463b
In base 13, what is 7 - -41b13c?
41b146
In base 12, what is 0 - -4222a4?
4222a4
In base 3, what is -221200010110 - 1002?
-221200011112
In base 3, what is -2221002 - -1002020?
-1211212
In base 6, what is 2201240 - 14?
2201222
In base 6, what is -25352451 - 441?
-25353332
In base 4, what is -110 + 20011022210?
20011022100
In base 9, what is -30425011 + -48?
-30425060
In base 9, what is 38360307 - 1?
38360306
In base 7, what is -244 + -15631400?
-15631644
In base 13, what is 25493b4 + -c?
25493a5
In base 11, what is 126929 + -54?
126885
In base 15, what is -1bc09d5 + 1?
-1bc09d4
In base 13, what is 17b + 1161aa?
116358
In base 4, what is 22113002213 + -2?
22113002211
In base 4, what is 3302 - -1131103?
1201011
In base 2, what is -11 + 110010000001100111000?
110010000001100110101
In base 12, what is 4822 - -3b53?
8775
In base 3, what is 21 + -1211012002212022?
-1211012002212001
In base 15, what is -928059 + -4?
-92805d
In base 15, what is 4db155 + 32?
4db187
In base 15, what is 2aaeb3 - 1d?
2aae95
In base 10, what is -660 - 10145?
-10805
In base 2, what is -10110010110 - 100100000101011100?
-100100011011110010
In base 5, what is -10 + 30200100111?
30200100101
In base 10, what is 2 + 6238100?
6238102
In base 5, what is 133013 + 3031110?
3214123
In base 13, what is c50b8 + 0?
c50b8
In base 12, what is bba3b + 794?
100613
In base 14, what is 841 + -a09?
-1a8
In base 16, what is f9dc - -1b7?
fb93
In base 4, what is 313303331 + -330?
313303001
In base 9, what is -1076837 - 225?
-1077163
In base 9, what is -4 + 178207264?
178207260
In base 10, what is 11773 - 7374?
4399
In base 5, what is 21022 + 314420?
340442
In base 6, what is 1104021443 - -1?
1104021444
In base 5, what is 2140 - 2204410?
-2202220
In base 8, what is -3 - 76264046?
-76264051
In base 10, what is 77129 + 126?
77255
In base 5, what is -111 - 134443404